, 3*l + 6 = 0. What is the tens digit of w?
1
Let y(h) = -h**3 + 4*h**2 + 8*h - 12. Let d be y(5). What is the tens digit of 1 - d - (-52 + 3)?
4
Let c = -7 - -3. Let x be ((-27)/c)/(1/4). Suppose 7*w - 4*w - x = 0. What is the units digit of w?
9
Let q be 2/2 + 4/4. Let o(k) = 6*k**2 - 2*k - 2. What is the units digit of o(q)?
8
Let x(t) = 4*t**2 - 1. Let q be x(1). Let g = 2 - 1. Suppose 5*i - q*m = 8, m + 4 = 2*i + g. What is the units digit of i?
1
Let f(o) = o + 82. Let w be f(0). Suppose 48 = 5*h - w. What is the units digit of h?
6
Let l(w) = -2*w - 6. Let m be l(-4). Suppose 5 = x, m*x + 2 + 20 = 4*v. What is the units digit of v?
8
Let m be (-6)/2 - (-3 - 2). Suppose 0 = -t + 2*y + m*y + 15, 0 = -5*y + 20. What is the tens digit of t?
3
Let c = -32 - -56. Suppose n + c = -3*n. Let m = n - -8. What is the units digit of m?
2
Suppose 79*k = 75*k + 1080. What is the units digit of k?
0
Let w(s) = s**3 + s**2 - 2*s. Let t be w(2). Suppose -3*p + p + 4 = 0. Suppose 3*a = -2*c - p, t = -3*a - a. What is the units digit of c?
2
Suppose 5*k + t = -4*t - 15, -2*k + 3*t + 4 = 0. Let z be (5/15)/(k/(-3)). Suppose -4*o + z = 2*y + 3, 2*o - 26 = -4*y. What is the units digit of y?
9
Suppose 0 = 3*o + 1 + 5. Let r be 0/o + 1 + 3. Suppose 0*s + 32 = r*s. What is the units digit of s?
8
Let j(v) = -v**3 + 6*v**2 + v + 7. Let d be j(6). Let t = d + 26. What is the tens digit of t?
3
Let c(f) = -24*f**3 + 4*f**2 - 4*f + 15. Let h(w) = 12*w**3 - 2*w**2 + 2*w - 7. Let k(n) = 6*c(n) + 13*h(n). What is the tens digit of k(1)?
1
Let i(z) = z**3 - 8*z**2 - 4*z - 3. Suppose 0 = -10*u + 6*u + 36. What is the tens digit of i(u)?
4
Let l = -9 - -15. What is the units digit of l?
6
Suppose -4*n - 37 - 26 = -5*g, -3*g + 7 = -n. Let d = n + 34. What is the tens digit of d?
1
Let h(w) = -w**3 + 7*w**2 + 3*w. Let j be h(4). Suppose 3*t - 141 = -j. What is the tens digit of t?
2
Suppose -7*a + 441 = -357. What is the units digit of a?
4
Suppose -w - 8 = 2*u, 5*w = -u + 6*u - 10. Let t = w + -1. What is the units digit of t*6*(-6)/45?
4
Let v = -1 + -5. What is the units digit of 3/v*5*-2?
5
Let z = 20 - 12. Let j(m) = -m**2 + 8*m + 9. Let a be j(z). Let v = a - 2. What is the units digit of v?
7
Let v = -161 - -249. What is the tens digit of v?
8
Let j(d) = -d - 1. Let h = 6 - 13. What is the units digit of j(h)?
6
Let j(w) = 4*w**3 - 4*w**2 + 9*w - 6. What is the tens digit of j(3)?
9
Suppose -4*l = -87 + 27. What is the tens digit of ((-15)/(-2))/(l/50)?
2
Let p(k) = -38*k + 53. What is the hundreds digit of p(-8)?
3
Let c = 25 - 21. Suppose 2*d - 56 = -4*m, c = d - 0. What is the units digit of m?
2
Let z(x) be the second derivative of x**5/20 + x**4/6 + x**3/3 + x**2/2 - x. Let l be z(-2). Let u = 9 + l. What is the units digit of u?
6
Let i(f) = f**3 + 19*f**2 + 12*f - 34. What is the units digit of i(-18)?
4
Suppose 4*p = 16, 2*u + 3*p = -7 + 113. Let s = -29 + u. What is the tens digit of s?
1
Let w(y) = 2*y - 4. Let l be w(5). Suppose 0 = -2*d - 3*b + l, 5*d - 9 = -5*b - 4. Let x = 9 + d. What is the units digit of x?
6
Let k be (36/15)/(2/10). Let b = k - 9. What is the units digit of b?
3
Suppose -5*m = -5*w + 3*w - 25, 19 = 3*m - 2*w. What is the units digit of ((-1)/3)/(m/(-117))?
3
Let o be (-28)/3 + 6/(-9). Let r = 0 + o. Let n = -7 - r. What is the units digit of n?
3
Suppose -2*j + 8 = -a, -4*j + 3*a = -a - 20. Suppose 0*l - 6 = j*l, 4*l = -3*b + 31. What is the units digit of b?
3
Let w = -145 - -243. What is the tens digit of w?
9
Let c(o) = 8*o**3 - 3*o**2 + 2*o + 2. Let l(u) = -23*u**3 + 10*u**2 - 7*u - 7. Let w(h) = 7*c(h) + 2*l(h). What is the units digit of w(1)?
9
Suppose -129 = -c - 3*n, 5*c = 4*c + 5*n + 145. What is the units digit of c?
5
Let h = 40 - -8. What is the units digit of h?
8
Let q(b) = 31*b**2 + b + 7. What is the units digit of q(3)?
9
What is the tens digit of 4 - (-81 + -1 + -3)?
8
Suppose 0 = 4*d + 12, 3*v + 5*d + 6 = -6. Suppose -3*m - 8 = v. What is the units digit of ((-7)/m)/(2/6)?
7
Let d = 48 - 22. Suppose -d = -3*i - 4*k, -4*k = 4*i - k - 44. What is the units digit of i?
4
Let o(b) = -b**2 - 8*b - 4. Let w be o(-4). Let m = w - 23. Let d = -6 - m. What is the units digit of d?
5
What is the units digit of 3/(-9) + (-489)/(-9)?
4
Suppose 4*o = 31 - 11. Suppose -5*r = -o*q - 45, -9 = -2*r + q + 9. What is the units digit of r?
9
Let a(u) = -u**2 + 11*u - 6. Let f be a(7). Suppose 0 = 4*z - 5*r - f, 0 = 3*z - 4*z - 4*r - 5. What is the units digit of 5 + 3/(0 + z)?
6
Let v = 14 - 42. Let z = 85 + -81. What is the units digit of 3/z + (-147)/v?
6
Let y = 6 + -4. Let o be (y - 6/4)*4. Suppose -o*d + 0*d = -8. What is the units digit of d?
4
Let v(b) = -b + 7. Let w be (-1)/4 - 21/(-4). Let q be v(w). Suppose 0 = -2*o + q*g + 26, -o + 0*g = g - 7. What is the units digit of o?
0
Let h = -21 - -41. Suppose 3*q = -3*g + 28 - 4, 3*g = q + h. What is the units digit of g?
7
Let u(q) = -5*q + 1. Let z be u(-1). What is the tens digit of (51/z)/((-1)/(-4))?
3
What is the units digit of (-563)/(-5) + (-2)/(-5)?
3
Let c(t) = -2*t. Let v = -13 + 8. What is the units digit of c(v)?
0
Suppose 24 = j - 5*c, 2*j + 121 = 6*j + 5*c. What is the units digit of j?
9
Let j(l) = 2*l + 1. What is the tens digit of j(5)?
1
Let x(y) = 10*y. Let t be x(1). Let h(q) = q**3 - 11*q**2 - 12*q + 5. Let w be h(12). Suppose -o + 5*o - m = t, -w*o - m = -17. What is the units digit of o?
3
Let b = 276 - 403. Let d = b + 182. Suppose 2*o = -3*o + d. What is the tens digit of o?
1
Suppose 4 = 3*h - 11. Let r(q) = q**3 - 7*q**2 - 4*q - 22. Let a be r(8). Let w = h + a. What is the units digit of w?
5
Let t = 3 + -3. Suppose t*o = -3*o. Let y = 3 + o. What is the units digit of y?
3
Suppose -244 = -5*r + 76. What is the units digit of r?
4
Let q be (6/5)/((-2)/(-40)). Suppose -4*t - q = -t. Let v(r) = -2*r - 8. What is the units digit of v(t)?
8
Suppose -5*b = -3*z - 35, -z = 2*b + 2 - 16. Suppose g = 3 + b. What is the units digit of 3/5 - (-4)/g?
1
Let b(g) = g**2 - 5*g - 3. Let n be 1/6 + (-58)/(-12). Let r be b(n). What is the units digit of r/2*(-14)/3?
7
Suppose 0 = -2*a + 19 + 49. What is the tens digit of a?
3
Let u(r) = r**3 - 3*r**2 - 3*r + 4. Let p = -5 - -9. What is the units digit of u(p)?
8
Let b be -1*(-1 - 0)*-13. Let n(j) = -4*j - 3*j + 2*j - 7 + 4*j. What is the units digit of n(b)?
6
Suppose -86 = -4*u + 218. What is the units digit of u?
6
Let q = -33 - -34. What is the units digit of q?
1
Let x be (1 - -3)*9/12. Suppose -x*l + t + 2*t = -27, 0 = -3*t + 3. What is the tens digit of l?
1
Let b(l) be the second derivative of -l**3/6 + 7*l**2/2 - 2*l. Let s be b(5). What is the units digit of (-35)/(-25) - s/5?
1
Let k = -68 - -95. What is the tens digit of k?
2
Suppose h = -5*v - 17, -4*v + 5*h - 2 = -0*h. Let s(n) = n + n**2 + 0*n**2 + n. What is the units digit of s(v)?
3
Let a be (-1 - -2)/(1/5). Let l be 7 - (-1)/(-2)*4. Suppose -l*j = -45 - a. What is the tens digit of j?
1
Let n(l) = -l**2 - l + 4. Let s be n(-2). What is the units digit of s - (-3)/(-6)*-2?
3
Let y = 782 + -546. What is the tens digit of y?
3
Let k(v) = -15*v**3 - v**2. Let y be k(1). Let j = 5 - y. What is the units digit of j?
1
Let k(m) be the second derivative of -m**4/12 + 4*m**3/3 - 7*m**2/2 + m. Let o be k(6). Suppose 0*b = -b + o. What is the units digit of b?
5
What is the hundreds digit of ((290*1)/(-5))/(1/(-2))?
1
Let m be 15/((45/6)/5). Suppose q + 8 = -m. Let f = 26 + q. What is the units digit of f?
8
Let y(w) = 6*w**2 - w + 2. Let r be y(-2). Suppose 2*d - r = -0. Let t = -5 + d. What is the units digit of t?
9
Let l(m) = -8*m - 10. Let u(f) = 4*f + 5. Let p(r) = -6*l(r) - 13*u(r). Let j(b) = b**3 + 2*b**2 + b - 2. Let x be j(-2). What is the units digit of p(x)?
1
Let c(z) = 21*z**2 - 13*z + 35. What is the units digit of c(3)?
5
Suppose -g - 4 = -2*g. Suppose -4*i + 71 = 5*n, n + g + 1 = 4*i. What is the tens digit of n?
1
Let h = -1 + 2. Let t be 19*(2 - h) - 3. Suppose 9 = 5*c - t. What is the units digit of c?
5
Let k(w) = -w**2 - 5*w. Let z be k(-5). Let u(f) = z*f + 2*f - f + 6. What is the units digit of u(-4)?
2
Suppose -4*m = -3*a + 156, -5*a - 2*m = -a - 186. What is the tens digit of a?
4
Let i(h) = h**2 + 2*h + 3. Let t be i(-7). Le